{"id":216,"date":"2018-03-23T12:58:45","date_gmt":"2018-03-23T12:58:45","guid":{"rendered":"http:\/\/prescolaire.aislinthemes.com\/?page_id=870"},"modified":"2026-03-24T09:28:52","modified_gmt":"2026-03-24T09:28:52","slug":"home-default","status":"publish","type":"page","link":"https:\/\/gscrossen.de\/","title":{"rendered":"Startseite"},"content":{"rendered":"<div class=\"wpb-content-wrapper\"><p>[vc_row css=&#8221;.vc_custom_1699873096877{background-color: rgba(255,255,255,0.86) !important;*background-color: rgb(255,255,255) !important;}&#8221;][vc_column][vc_row_inner][vc_column_inner][vc_single_image image=&#8221;375&#8243; img_size=&#8221;full&#8221;][\/vc_column_inner][\/vc_row_inner][vc_row_inner equal_height=&#8221;yes&#8221; disable_element=&#8221;yes&#8221; css=&#8221;.vc_custom_1773829462997{background-image: url(https:\/\/gscrossen.de\/wp-content\/uploads\/2023\/11\/GS_Crossen1.jpg?id=375) !important;background-position: center !important;background-repeat: no-repeat !important;background-size: cover !important;}&#8221;][vc_column_inner width=&#8221;2\/3&#8243;][vc_empty_space height=&#8221;300px&#8221;][\/vc_column_inner][vc_column_inner width=&#8221;1\/3&#8243;][vc_btn title=&#8221;zur GTA Anmeldung&#8221; shape=&#8221;round&#8221; color=&#8221;danger&#8221; size=&#8221;lg&#8221; link=&#8221;url:https%3A%2F%2Fgscrossen.de%2F%3Fpage_id%3D3315|title:Ganztagsangebote&#8221;][\/vc_column_inner][\/vc_row_inner][vc_row_inner][vc_column_inner width=&#8221;1\/2&#8243;][vc_custom_heading text=&#8221;<em>WILLKOMMEN<\/em> AUF DER HOMEPAGE DER GRUNDSCHULE CROSSEN&#8221; use_theme_fonts=&#8221;yes&#8221; el_class=&#8221;highlight-text&#8221; css=&#8221;.vc_custom_1699614447316{margin-bottom: 9px !important;}&#8221;][\/vc_column_inner][vc_column_inner width=&#8221;1\/2&#8243;][vc_custom_heading text=&#8221;\u201eDie Arbeit des Erziehers gleicht der eines G\u00e4rtners, der verschiedene Pflanzen pflegt. Eine Pflanze liebt den strahlenden Sonnenschein, die andere den k\u00fchlen Schatten; die eine liebt das Bachufer, die andere die d\u00fcrre Bergspitze. Die eine gedeiht am besten auf sandigem Boden, die andere im fetten Lehm. Jede muss die ihrer Art angemessene Pflege haben, anderenfalls bleibt ihre Vollendung unbefriedigend.\u201c<br \/>\n(Abbas Effendi (1844-1921), arab. Schriftgelehrter)&#8221; font_container=&#8221;tag:p|font_size:16px|text_align:left|line_height:27px&#8221; use_theme_fonts=&#8221;yes&#8221;][\/vc_column_inner][\/vc_row_inner][vc_row_inner el_class=&#8221;icons&#8221;][vc_column_inner][vc_empty_space height=&#8221;2em&#8221;][\/vc_column_inner][vc_column_inner width=&#8221;1\/2&#8243;][vc_single_image image=&#8221;8&#8243; img_size=&#8221;920&#215;810&#8243;][\/vc_column_inner][vc_column_inner width=&#8221;1\/4&#8243; offset=&#8221;vc_col-lg-offset-0 vc_col-md-offset-0 vc_col-sm-offset-0 vc_col-xs-offset-3&#8243;]\n\t\t\t\t\t<div class=\"wh-theme-icon vc_custom_1700554780575 wh-theme-icon icon-element scp_theme_icon-f8cbb1b713f457c9112a9349a83bded7\">\n\t\t\t\t<i class=\"icon-edalarm-bell\"><\/i>\n\t\t\t<\/div>\n\t\t\t\t[vc_custom_heading text=&#8221;Aktuelle Ereignisse&#8221; font_container=&#8221;tag:h5|text_align:left&#8221; use_theme_fonts=&#8221;yes&#8221; css=&#8221;.vc_custom_1704978525404{margin-top: 14px !important;margin-bottom: 10px !important;}&#8221; link=&#8221;url:https%3A%2F%2Fgscrossen.de%2F%3Fpage_id%3D208|title:Aktuelles&#8221; el_class=&#8221;starticons&#8221;][vc_empty_space height=&#8221;3em&#8221;]\n\t\t\t\t\t<div class=\"wh-theme-icon vc_custom_1700726786883 wh-theme-icon icon-element scp_theme_icon-483f2783a768169e9ad33191e337a18b\">\n\t\t\t\t<i class=\"icon-edic_people\"><\/i>\n\t\t\t<\/div>\n\t\t\t\t[vc_custom_heading text=&#8221;Unsere Lehrer&#8221; font_container=&#8221;tag:h5|text_align:left&#8221; use_theme_fonts=&#8221;yes&#8221; css=&#8221;.vc_custom_1701159655818{margin-top: 14px !important;margin-bottom: 10px !important;}&#8221; link=&#8221;url:https%3A%2F%2Fgscrossen.de%2F%3Fpage_id%3D467|title:Unsere%20Lehrer&#8221; el_class=&#8221;starticons&#8221;][vc_empty_space height=&#8221;3em&#8221;]\n\t\t\t\t\t<div class=\"wh-theme-icon vc_custom_1700726906388 wh-theme-icon icon-element scp_theme_icon-be8f05baeae58ca3e0aeafd61af19394\">\n\t\t\t\t<i class=\"icon-edic_photo_camera2\"><\/i>\n\t\t\t<\/div>\n\t\t\t\t[vc_custom_heading text=&#8221;R\u00fcckblicke&#8221; font_container=&#8221;tag:h5|text_align:left&#8221; use_theme_fonts=&#8221;yes&#8221; css=&#8221;.vc_custom_1701159668833{margin-top: 14px !important;margin-bottom: 10px !important;}&#8221; link=&#8221;url:https%3A%2F%2Fgscrossen.de%2F%3Fpage_id%3D2288|title:R%C3%BCckblicke&#8221; el_class=&#8221;starticons&#8221;][vc_empty_space height=&#8221;3em&#8221;]\n\t\t\t\t\t<div class=\"wh-theme-icon vc_custom_1704978581311 wh-theme-icon icon-element scp_theme_icon-7e0be8f429ea4cb2daf157f662ef4b74\">\n\t\t\t\t<i class=\"icon-edcubes-fill\"><\/i>\n\t\t\t<\/div>\n\t\t\t\t[vc_custom_heading text=&#8221;Schulanmeldung&#8221; font_container=&#8221;tag:h5|text_align:left&#8221; use_theme_fonts=&#8221;yes&#8221; css=&#8221;.vc_custom_1704978595251{margin-top: 14px !important;margin-bottom: 10px !important;}&#8221; link=&#8221;url:https%3A%2F%2Fgscrossen.de%2F%3Fpage_id%3D2898|title:R%C3%BCckblicke&#8221; el_class=&#8221;starticons&#8221;][\/vc_column_inner][vc_column_inner width=&#8221;1\/4&#8243; css=&#8221;.vc_custom_1701159839552{margin-top: 0px !important;}&#8221; offset=&#8221;vc_col-lg-offset-0 vc_col-md-offset-0 vc_col-sm-offset-0 vc_col-xs-offset-3&#8243;]\n\t\t\t\t\t<div class=\"wh-theme-icon vc_custom_1700726708734 wh-theme-icon icon-element scp_theme_icon-2c59e2bc2d7044381f16be7c34719b99\">\n\t\t\t\t<i class=\"icon-edmeasuring\"><\/i>\n\t\t\t<\/div>\n\t\t\t\t[vc_custom_heading text=&#8221;Schulprogramm&#8221; font_container=&#8221;tag:h5|text_align:left&#8221; use_theme_fonts=&#8221;yes&#8221; css=&#8221;.vc_custom_1701159931772{margin-top: 14px !important;margin-bottom: 10px !important;}&#8221; link=&#8221;url:https%3A%2F%2Fgscrossen.de%2F%3Fpage_id%3D204|title:Schulprogramm&#8221; el_class=&#8221;starticons&#8221;][vc_empty_space height=&#8221;3em&#8221;]\n\t\t\t\t\t<div class=\"wh-theme-icon vc_custom_1700726809080 wh-theme-icon icon-element scp_theme_icon-5772c6115a272a6f84df850731921c61\">\n\t\t\t\t<i class=\"icon-edelementary-school\"><\/i>\n\t\t\t<\/div>\n\t\t\t\t[vc_custom_heading text=&#8221;Schulgeb\u00e4ude&#8221; font_container=&#8221;tag:h5|text_align:left&#8221; use_theme_fonts=&#8221;yes&#8221; css=&#8221;.vc_custom_1701159723503{margin-top: 14px !important;margin-bottom: -1px !important;}&#8221; link=&#8221;url:https%3A%2F%2Fgscrossen.de%2F%3Fpage_id%3D2629|title:Schulgeb%C3%A4ude&#8221; el_class=&#8221;starticons&#8221;][vc_empty_space height=&#8221;3.6em&#8221;]\n\t\t\t\t\t<div class=\"wh-theme-icon vc_custom_1700726926647 wh-theme-icon icon-element scp_theme_icon-572da06fe306ddeca955a45849dad9dd\">\n\t\t\t\t<i class=\"icon-edtoboggan\"><\/i>\n\t\t\t<\/div>\n\t\t\t\t[vc_custom_heading text=&#8221;F\u00f6rderverein&#8221; font_container=&#8221;tag:h5|text_align:left&#8221; use_theme_fonts=&#8221;yes&#8221; css=&#8221;.vc_custom_1701159757905{margin-top: 14px !important;margin-bottom: -1px !important;}&#8221; link=&#8221;url:https%3A%2F%2Fgscrossen.de%2F%3Fpage_id%3D2668|title:F%C3%B6rderverein&#8221; el_class=&#8221;starticons&#8221;][\/vc_column_inner][\/vc_row_inner][vc_row_inner css=&#8221;.vc_custom_1704978957410{background-color: #efc656 !important;}&#8221;][vc_column_inner][vc_custom_heading text=&#8221;Aktuelle Informationen&#8221; font_container=&#8221;tag:p|font_size:30px|text_align:left|color:%23ffffff&#8221; use_theme_fonts=&#8221;yes&#8221; el_class=&#8221;line-before&#8221; css=&#8221;.vc_custom_1704978904205{margin-bottom: 21px !important;}&#8221;][vc_custom_heading text=&#8221;Hier finden Sie alle wichtigen Informationen&#8221; font_container=&#8221;tag:h2|text_align:left|color:%23ffffff&#8221; use_theme_fonts=&#8221;yes&#8221; css=&#8221;.vc_custom_1704978894431{margin-bottom: 35px !important;padding-left: 0px !important;}&#8221;][vc_column_text]Herzlich Willkommen auf unserer neugestalteten Homepage. Wir hoffen, Sie und ihr besucht uns regelm\u00e4\u00dfig.<\/p>\n<p>In diesem Bereich werden immer alle wichtigen Informationen zum Schulablauf erscheinen.<\/p>\n<p><img loading=\"lazy\" decoding=\"async\" class=\"alignnone size-medium wp-image-3364\" src=\"https:\/\/gscrossen.de\/wp-content\/uploads\/2026\/03\/Plakat-Fest-F96EF84D-B37F-4723-A32F-ADAD25F63C02-002-200x300.png\" alt=\"\" width=\"200\" height=\"300\" srcset=\"https:\/\/gscrossen.de\/wp-content\/uploads\/2026\/03\/Plakat-Fest-F96EF84D-B37F-4723-A32F-ADAD25F63C02-002-200x300.png 200w, https:\/\/gscrossen.de\/wp-content\/uploads\/2026\/03\/Plakat-Fest-F96EF84D-B37F-4723-A32F-ADAD25F63C02-002-683x1024.png 683w, https:\/\/gscrossen.de\/wp-content\/uploads\/2026\/03\/Plakat-Fest-F96EF84D-B37F-4723-A32F-ADAD25F63C02-002.png 1024w\" sizes=\"auto, (max-width: 200px) 100vw, 200px\" \/>[\/vc_column_text][\/vc_column_inner][\/vc_row_inner][vc_row_inner css=&#8221;.vc_custom_1699614998211{background-color: #83c9c9 !important;}&#8221;][vc_column_inner width=&#8221;1\/2&#8243;][vc_custom_heading text=&#8221;Grundschule Crossen&#8221; font_container=&#8221;tag:p|font_size:30px|text_align:left|color:%23ffffff&#8221; use_theme_fonts=&#8221;yes&#8221; el_class=&#8221;line-before&#8221; css=&#8221;.vc_custom_1701243715823{margin-bottom: 21px !important;}&#8221;][vc_custom_heading text=&#8221;Unsere gro\u00dfe Sanierung&#8221; font_container=&#8221;tag:h2|text_align:left|color:%23ffffff&#8221; use_theme_fonts=&#8221;yes&#8221; css=&#8221;.vc_custom_1699866284974{margin-bottom: 35px !important;padding-left: 0px !important;}&#8221;][\/vc_column_inner][\/vc_row_inner][vc_row_inner css=&#8221;.vc_custom_1699615025618{background-color: #83c9c9 !important;}&#8221;][vc_column_inner width=&#8221;2\/3&#8243;][vc_images_carousel images=&#8221;333,334,335,336&#8243; img_size=&#8221;full&#8221; autoplay=&#8221;yes&#8221; wrap=&#8221;yes&#8221;][\/vc_column_inner][vc_column_inner width=&#8221;1\/3&#8243;][vc_column_text el_class=&#8221;schrift_bunt&#8221;]Im Zwickauer Stadtteil Crossen konnte heute die Grundschule Crossen feierlich eingeweiht werden. Seit April 2019 wurde der Standort im Innen- und Au\u00dfenbereich saniert sowie ein neues Hortgeb\u00e4ude angebaut. Die Kosten beliefen sich auf rund 5,2 Mio. Euro. Davon flossen ca. 1,8 Mio. Euro aus dem F\u00f6rderprogramm zur Verbesserung der schulischen Infrastruktur im Freistaat Sachsen, Budget \u201eSachsen\u201c ein.<\/p>\n<p><a href=\"https:\/\/www.zwickau.de\/de\/aktuelles\/pressemitteilungen\/2022\/september\/432.php\" target=\"_blank\" rel=\"noopener\">mehr lesen&#8230;.<\/a>[\/vc_column_text][\/vc_column_inner][\/vc_row_inner][\/vc_column][\/vc_row]<\/p>\n<\/div>","protected":false},"excerpt":{"rendered":"<p>[vc_row css=&#8221;.vc_custom_1699873096877{background-color: rgba(255,255,255,0.86) !important;*background-color: rgb(255,255,255) !important;}&#8221;][vc_column][vc_row_inner][vc_column_inner][vc_single_image image=&#8221;375&#8243; img_size=&#8221;full&#8221;][\/vc_column_inner][\/vc_row_inner][vc_row_inner equal_height=&#8221;yes&#8221; disable_element=&#8221;yes&#8221; css=&#8221;.vc_custom_1773829462997{background-image: url(https:\/\/gscrossen.de\/wp-content\/uploads\/2023\/11\/GS_Crossen1.jpg?id=375) !important;background-position: center !important;background-repeat: no-repeat !important;background-size: cover !important;}&#8221;][vc_column_inner width=&#8221;2\/3&#8243;][vc_empty_space height=&#8221;300px&#8221;][\/vc_column_inner][vc_column_inner width=&#8221;1\/3&#8243;][vc_btn title=&#8221;zur GTA Anmeldung&#8221; shape=&#8221;round&#8221; color=&#8221;danger&#8221; size=&#8221;lg&#8221; link=&#8221;url:https%3A%2F%2Fgscrossen.de%2F%3Fpage_id%3D3315|title:Ganztagsangebote&#8221;][\/vc_column_inner][\/vc_row_inner][vc_row_inner][vc_column_inner width=&#8221;1\/2&#8243;][vc_custom_heading text=&#8221;WILLKOMMEN AUF DER HOMEPAGE DER GRUNDSCHULE CROSSEN&#8221; use_theme_fonts=&#8221;yes&#8221; el_class=&#8221;highlight-text&#8221; css=&#8221;.vc_custom_1699614447316{margin-bottom: 9px !important;}&#8221;][\/vc_column_inner][vc_column_inner width=&#8221;1\/2&#8243;][vc_custom_heading text=&#8221;\u201eDie Arbeit des Erziehers gleicht der eines&nbsp;<a href=\"https:\/\/gscrossen.de\/\">&hellip;<\/a><\/p>\n","protected":false},"author":1,"featured_media":0,"parent":0,"menu_order":0,"comment_status":"closed","ping_status":"closed","template":"template-home.php","meta":{"_acf_changed":false,"footnotes":""},"class_list":["post-216","page","type-page","status-publish","hentry","odd"],"acf":[],"_links":{"self":[{"href":"https:\/\/gscrossen.de\/index.php?rest_route=\/wp\/v2\/pages\/216","targetHints":{"allow":["GET"]}}],"collection":[{"href":"https:\/\/gscrossen.de\/index.php?rest_route=\/wp\/v2\/pages"}],"about":[{"href":"https:\/\/gscrossen.de\/index.php?rest_route=\/wp\/v2\/types\/page"}],"author":[{"embeddable":true,"href":"https:\/\/gscrossen.de\/index.php?rest_route=\/wp\/v2\/users\/1"}],"replies":[{"embeddable":true,"href":"https:\/\/gscrossen.de\/index.php?rest_route=%2Fwp%2Fv2%2Fcomments&post=216"}],"version-history":[{"count":146,"href":"https:\/\/gscrossen.de\/index.php?rest_route=\/wp\/v2\/pages\/216\/revisions"}],"predecessor-version":[{"id":3365,"href":"https:\/\/gscrossen.de\/index.php?rest_route=\/wp\/v2\/pages\/216\/revisions\/3365"}],"wp:attachment":[{"href":"https:\/\/gscrossen.de\/index.php?rest_route=%2Fwp%2Fv2%2Fmedia&parent=216"}],"curies":[{"name":"wp","href":"https:\/\/api.w.org\/{rel}","templated":true}]}}